l - 4755. Suppose 2*p - 5*i = -2*i + 377, -5*p + l = i. List the prime factors of p.
2, 5, 19
Let q(g) = 2*g - 15. Let n be q(8). Let s be (9/2)/(n/6). Suppose -6*j - s = -99. What are the prime factors of j?
2, 3
Suppose 0 = 6*f - 2*f. Suppose 4*p + 66 - 982 = f. Suppose -2*n = -4*u + 204, -2*u - 4*n + p = 3*u. What are the prime factors of u?
7
Let n = -74 - -78. Suppose 7*z = 17 + n. What are the prime factors of (-5)/15 - (-124)/z?
41
Let g be (-4 - (2 - 11)) + 1036. Let m = 2341 - g. List the prime factors of m.
2, 5, 13
Let x(y) = -y**2 - 2*y. Let v be x(-4). Suppose 0 = 4*u - 123 - 205. Let j = u + v. What are the prime factors of j?
2, 37
Let o(t) = -7*t + 52. Let s be o(8). Let w(v) = -v**3 + 7*v**2 - 2*v. What are the prime factors of w(s)?
2, 23
Let f be (-3 + 4 + 1)/((-2)/(-193)). Let q = 377 - f. List the prime factors of q.
2, 23
Let n be 1/(-2)*(-151 + 0 + 3). Let g = 572 - n. What are the prime factors of g?
2, 3, 83
Let k(a) = 6053*a**2 + 71*a - 5. List the prime factors of k(-1).
43, 139
Let w(c) = -c + 7. Let u be w(-6). Suppose -u*m - 145 = -14*m + 4*h, -3*m - 5*h = -435. List the prime factors of m.
5, 29
Suppose 0 = -32*n + 240 - 80. Suppose -6*j + 5*x = -j - 10085, n*j - 10071 = -2*x. What are the prime factors of j?
5, 13, 31
List the prime factors of 28/(-8)*(-11 - (-13176)/(-56)).
2, 431
Suppose 49*p + 6259550 = 62*p + 82*p. List the prime factors of p.
2, 5, 11, 599
Let f(q) = -q**3 + 31*q**2 - 57*q - 25. Let t be f(29). Suppose 4*y = t, h = -2*y - 103 + 356. List the prime factors of h.
251
Let c be (-22)/(-55) - (-348)/5. Let i = 57 + c. Suppose 3*w - 3*z - i = -2*w, z + 77 = 3*w. List the prime factors of w.
2, 13
Suppose 2*t + 4948 = 4544 + 85958. List the prime factors of t.
3, 7, 97
What are the prime factors of (1 - -4888)*(-21)/(231/(-22))?
2, 4889
Let g(r) = -1156*r - 315. What are the prime factors of g(-7)?
7, 11, 101
Let m(f) = f**2 - 2*f + 15. Let j(n) = -24*n**3 + n - 1. Let c be j(1). Let a = c - -37. List the prime factors of m(a).
2, 79
Let u = 2034 - 54. Suppose 0*n - 11*n + u = 0. List the prime factors of n.
2, 3, 5
Let i(l) = l**3 - 22*l**2 - 92*l + 303. What are the prime factors of i(35)?
2, 3, 271
Suppose 4*y + 0*y = -48. Let l be 5*y/(-18) + (-4)/(-6). Suppose 50 = 5*x - 5*v, -l*v + 16 = -8*v. List the prime factors of x.
2, 3
What are the prime factors of (-5)/(-25) - ((-800093)/35 - -9)?
3, 2539
Let s(v) = 31*v**2 - 14*v - 37. Let l be ((-14)/21)/((-6)/(-27)). What are the prime factors of s(l)?
2, 71
Suppose 3*c = c + 2*k - 6, -5*k + 3 = c. List the prime factors of (-27927)/(-81) + c/(-9).
3, 5, 23
Suppose 145887 = -43*a + 42*a + 22*a. What are the prime factors of a?
6947
Let b = 862 + -196. Suppose -x = -10*x + b. Let w = -34 + x. What are the prime factors of w?
2, 5
Suppose 5*s = -5*p + 58 - 8, 4*p + 5*s - 45 = 0. Suppose f + 4044 + 46 = 5*n, p = -f. What are the prime factors of n?
19, 43
Let q be (2 - 20)/(-3) - -257. List the prime factors of q/(5*(-2 + (-11)/(-5))).
263
Let p(q) = 9*q + 13. Let i(b) = -18*b - 24. Let a(u) = 4*i(u) + 7*p(u). Let s = 0 - 3. List the prime factors of a(s).
2, 11
Let u = -98 + 100. Suppose 0*p + u*p - 714 = 0. List the prime factors of p.
3, 7, 17
Suppose 0 = 2678*x - 2591*x - 6842289. What are the prime factors of x?
31, 43, 59
Suppose -8 = -4*n - 5*i - 44, 0 = 3*n + 4*i + 26. Let g = n - -377. List the prime factors of g.
3, 11
What are the prime factors of (5 - 0 - (9347 + 76))/(2/(-8))?
2, 17, 277
Suppose n - 3 = -5*j, -j = 4*j. Suppose n*y + 8 = 8. List the prime factors of (2 + y - -4)/(2/56).
2, 3, 7
Let c(a) be the first derivative of a**3/3 - a**2 - 9*a - 13. Let g be c(8). Let m = -13 + g. What are the prime factors of m?
2, 13
Let l(h) = -2*h**2 + 2*h + 55. Let x be l(-15). Let q = 589 + x. List the prime factors of q.
2, 41
Suppose -9*s - 4*m + 445192 = -9*m, -m + 148408 = 3*s. List the prime factors of s.
2, 83, 149
Let f(h) = -5*h**3 - 44*h**2 - 105*h - 125. Let v(n) = 2*n**3 + 22*n**2 + 53*n + 62. Let p(g) = -3*f(g) - 7*v(g). What are the prime factors of p(26)?
29, 41
Suppose -138*l = -143*l + 7755. Let n = 2494 - l. List the prime factors of n.
23, 41
Let a(k) = -k**2 - 18*k - 4. Let s(d) = 16*d - 2. Let p be s(-1). Let y be a(p). What are the prime factors of (y/6)/(2/(-141))?
47
Let i be 1/(-3) - (-609875)/123. Suppose f + 5*a = 1002, -5*f - 9*a + i = -10*a. What are the prime factors of f?
2, 31
Suppose -90754 = -5*m + 101431. List the prime factors of m.
7, 17, 19
Suppose -5*u = 3*p - 3260 - 2681, -4*u + 4745 = 5*p. Suppose 0 = 3*m - 5*k - u, k - 4*k = -2*m + 795. List the prime factors of m.
3, 5
Let x(t) = -2*t**3 + 5*t**2 + t + 9. Let j be x(3). Suppose 5*c - 1249 + 59 = -4*q, 951 = 4*c + j*q. What are the prime factors of c?
2, 3, 13
Let d = -90643 + 139042. List the prime factors of d.
3, 13, 17, 73
Let t(j) = -j**3 + 2*j**2 + 2*j + 4. Let k be t(3). Let p be ((-21)/2 + k)/((-1)/2). Suppose -r - i = -92 + p, 381 = 5*r - 3*i. List the prime factors of r.
3, 5
Let p be 30 + (-6)/(-5)*(-5)/2. Suppose -m - p = -5*z, 4*m - z = -m - 15. What are the prime factors of 591*(-1 + (m - 40/(-12)))?
197
Let g(b) = -2*b + 7. Let f be g(1). Suppose 2*w = -w - 3*l + 9, 5*l = f*w - 45. List the prime factors of 574/w - 6/9.
5, 19
Let f(l) = -19*l**3 - 2*l**2 - 10*l - 3. Let j(a) = 21*a**3 + a**2 + 8*a + 3. Let s(k) = 3*f(k) + 4*j(k). List the prime factors of s(2).
5, 43
Let m be (-2)/(-3)*(0 - -9). Suppose -2*l + m*l = 60. Suppose -5*h = l, 0*f + 3*h + 369 = 5*f. What are the prime factors of f?
2, 3
Let i = -9 + 9. Suppose -840 = 5*m - 5*p, i = 2*m + 4*p + 29 + 283. Let t = 7 - m. List the prime factors of t.
3, 19
Suppose 0*t + 10*t = 2*t. Let g be 237 + 0 - (7 + t - 6). Suppose -77 = 3*l - g. List the prime factors of l.
53
Let k(g) = 3*g**2 - 13*g - 79. Let o = 381 - 391. List the prime factors of k(o).
3, 13
What are the prime factors of (-2)/33 + (-11840588)/(-2013)?
2, 17, 173
Let z be (-4)/34 - (-7126)/(-119). What are the prime factors of (z/5)/(((-12)/134)/3)?
2, 3, 67
Let m be (0 - -4) + -5 + -8 + 1029. What are the prime factors of (-1)/(2034/m + -2)?
2, 5, 17
Let r be ((-56)/(-21) - 4)*-3. Suppose 0 = -r*x + 2291 + 4701. What are the prime factors of x?
2, 19, 23
Let c = 8187 + -4687. Suppose -c = -16*u + 9*u. List the prime factors of u.
2, 5
Suppose c = 3*c - 2. Let h(l) be the second derivative of 71*l**4/6 - 2*l**3/3 + 3*l**2/2 - 147*l. List the prime factors of h(c).
3, 47
Let f = 17 + -20. Let g be (3 + 0)/f - -4. Suppose -w = g*z - 37, z + 151 = 5*w - z. List the prime factors of w.
31
Let q(g) = -4*g + 54. Let l be q(8). Suppose 2608 = l*f - 14*f. List the prime factors of f.
2, 163
Let o be (4/2 + -1)*(-12 - 101). Let j = o - -125. What are the prime factors of j?
2, 3
Let q be -4*3/(-54) - 1000/(-36). Let d = q - 26. Suppose 10 = -2*o + 4*o, -3*u - d*o = -295. List the prime factors of u.
5, 19
Let k(x) = 26*x + 91 + 6*x - 52. List the prime factors of k(10).
359
Suppose -3 = 4*f + 17, 4*t = f + 6817. What are the prime factors of t?
13, 131
Let b = 177 + -174. Suppose 4*v + 2*q - 2480 - 2556 = 0, -v = b*q - 1249. What are the prime factors of v?
13, 97
Let r(a) = 347*a - 28. Let q be r(-4). Let h = q - -2266. Suppose -3*i - 5*s + h = i, -4*i + 858 = s. What are the prime factors of i?
5, 43
Let k(p) = 961*p - 2872. What are the prime factors of k(27)?
5, 13, 71
Let k = 31 - 28. Suppose 4*i - 1148 = -k*i. List the prime factors of i/40*26 - 4/(-10).
107
Let q = 28215 + -11557. List the prime factors of q.
2, 8329
Suppose 0 = 2*d + 3*u + 548, -23*u - 16 = -27*u. Let t = d + 407. List the prime factors of t.
127
Let k(q) = -2*q - 37. Suppose -j + 2*z = 24, 0*z = -3*z + 6. Let w be k(j). Suppose -4*n = -m - 259, -3*n + w*m + 34 = -149. What are the prime factors of n?
2, 3, 11
What are the prime factors of (-284451)/(-106)*(-14)/(-3) + -1?
2, 3, 2087
Let j be 20/6*(30/(-12) + 4). Suppose 5*t - 1062 - 1703 = -j*c, 0 = -5*c + 15. What are the prime factors of t?
2, 5, 11
Suppose -6*p + 5*p - 44*i = -32229, 162435 = 5*p + 5*i. What are the prime factors of p?
3, 10831
Let v = -224 - -226. Suppose -4*x + 5*b = -830, -232 = -v*x - 2*b + 192. What are the prime factors of x?
2, 3, 5, 7
What are the prime factors of (-882)/